n divisor of 564 and c?
12
Suppose 0*r + 20 = 10*r. Let z be -2*r/8*-4. Calculate the greatest common divisor of z and 14.
2
Suppose -1844 = -5*a - 4*q, 0 = -3*a + 5*q - 302 + 1401. What is the highest common factor of a and 23?
23
Let l(z) = z + 5. Let g be l(6). Let i = 11 - 6. Suppose -j - i*y + 75 - 17 = 0, -4*y = -20. Calculate the greatest common divisor of g and j.
11
Suppose 4*j - 135 = 345. What is the greatest common factor of j and 8?
8
Let l be -21*1/3 + 118. Calculate the highest common divisor of l and 74.
37
Let i = 316 - 217. Suppose 122 = 21*j - 67. What is the highest common divisor of i and j?
9
Let n be -1 + 7 - 7 - -45. What is the greatest common divisor of n and 4?
4
Let h(q) = 125*q - 1. Let x be h(1). Suppose -x = -2*r - 2*c, 0*r = -4*r + c + 253. Calculate the highest common factor of r and 42.
21
Let r be (-6)/8 - 387/(-4). Let z be ((-70)/(-15))/7 - 95/3. Let p = -19 - z. Calculate the greatest common factor of p and r.
12
Let h be 2/(-1 - 51/(-45)). Suppose -1856 = -4*n + 5*y, -4*y - 743 = -2*n + 185. Let u = n - 329. What is the greatest common factor of h and u?
15
Suppose 174 = -2*v + 1054. What is the greatest common divisor of v and 10?
10
Let d = 7 - 2. Suppose -l - 86 - 45 = 5*u, -d*l + 4*u = 597. Let i = 217 + l. Calculate the highest common divisor of i and 24.
24
Let p(q) = -17*q - 81. Let t be p(-6). Suppose 42 = 4*v - 294. Calculate the greatest common factor of v and t.
21
Let y = 142 + -15. Suppose -19 = 2*n - y. Let h = 138 - n. Calculate the highest common divisor of h and 14.
14
Suppose 3*f = -0 + 12. Let g be 140/(-2)*(-18)/6. Suppose -g = -f*k - 34. What is the greatest common divisor of 11 and k?
11
Suppose -3*j = 3*i - 30, -5*i - 13 = 2*j - 48. Calculate the highest common divisor of 145 and j.
5
Let a = 0 + 49. Let s = -9 + a. Suppose 5*z = 20 + s. Calculate the highest common divisor of 96 and z.
12
Let m(f) = 186*f**2 - 6*f - 4. Let u be m(-2). What is the highest common divisor of u and 47?
47
Let v be 15060/27 + 14/63. What is the greatest common factor of 310 and v?
62
Let x = -50 - -60. Let w = x + -7. Calculate the highest common divisor of w and 12.
3
Let f be 12 + (2/(-4))/((-2)/8). Suppose f*z - 11*z - 36 = 0. Suppose 0 = -5*u + 326 + 214. Calculate the highest common divisor of u and z.
12
Let d(g) = 7*g + 93. Let z be d(7). What is the highest common divisor of z and 639?
71
Let z be (-1974)/(-196) - 3/42. What is the greatest common divisor of 35 and z?
5
Suppose -25 = -5*a, 5*k - 25 = -3*a + 2*a. Let v be (0/(k/(-1)))/2. Suppose 3*b + b - 8 = v. Calculate the highest common factor of 18 and b.
2
Suppose 2*i = 4*v + 8, i + 2*v + 2*v + 14 = 0. Let y be -15*((-36)/(-15))/i. What is the highest common factor of 6 and y?
6
Let i be 444/8 + (-3)/2. Suppose 64 = 4*b - 2*j, -3*j = -5*b - 0*j + 78. Calculate the greatest common divisor of b and i.
18
Let p = 57 - -112. What is the greatest common divisor of 13 and p?
13
Let h = -18 + 40. Let n(g) = -g + 53. Let q be n(h). What is the greatest common factor of q and 93?
31
Let s = -5 - -8. Suppose -9 = s*y, -4*m + 2*y = -9*m + 109. Calculate the greatest common factor of 207 and m.
23
Let v be 28/(-35) + 19/5. Let f be -20*(2/(-1) + v). Let z = 55 + f. Calculate the greatest common divisor of z and 14.
7
Suppose -4*x - 12 = -92. Suppose 3 - 1 = 2*a - 4*y, -5 = -3*a + 5*y. What is the highest common factor of x and a?
5
Suppose 115 - 15 = -5*s. Let z = s - -44. What is the highest common divisor of z and 12?
12
Suppose 3*k = -12, -875 = -3*b - 37*k + 39*k. What is the highest common divisor of 34 and b?
17
Let x = 1426 - 908. Calculate the highest common divisor of 111 and x.
37
Suppose 2*n = l - 78, -3*l - 402 = -8*l - 2*n. Calculate the highest common divisor of l and 10.
10
Suppose 3*h - 50 = h. Suppose 172 = -6*d + 202. What is the greatest common factor of h and d?
5
Suppose 0 = 2*z - n - 5, -4*z = 2*n + 2*n - 4. Let k = -5 - -7. Calculate the highest common factor of z and k.
2
Let k(q) = 12*q + 158. Let g be k(-7). What is the greatest common divisor of 962 and g?
74
Suppose -5*x + 382 = -1613. Suppose -x = -9*y - 111. Calculate the highest common divisor of 8 and y.
8
Let z = -325 + 341. Calculate the greatest common factor of 496 and z.
16
Let c be 4/2 + 0 + -2*1. Suppose -2*w - 14 = -d - c*w, 0 = -w + 1. Calculate the highest common divisor of d and 1.
1
Suppose -3*n = -25 + 4. Let i = -108 + 110. Let t = i + n. What is the highest common divisor of t and 1?
1
Let l be (-76 - 1)/(-1 + -5 + 5). Calculate the greatest common factor of 7 and l.
7
Suppose 0 = -2*t + 85 + 53. Let y = 7 + -1. Suppose t = y*b - 111. Calculate the greatest common divisor of b and 10.
10
Let m(d) = 2*d + 16. Let b be m(-7). Suppose -1 = -b*o + 23. Calculate the highest common divisor of o and 18.
6
Suppose s = 4*s + 2*u + 3, 0 = -2*s + 4*u - 2. Let p be s/((-22)/(-8) - 3). Calculate the greatest common divisor of 44 and p.
4
Let b be ((-220)/7)/((-30)/2940*14). Let t be (5/(-4))/(1/(-16)). Calculate the greatest common factor of t and b.
20
Let i(b) = 17*b - 79. Let n be i(15). Suppose t + 1 + 0 = 0, -67 = -4*s + 3*t. Calculate the greatest common factor of s and n.
16
Let w = 15 + -3. Suppose 0 = -2*s + 5*p + 1 - 16, -2*p = -5*s - 48. Let a = w + s. Calculate the greatest common divisor of a and 6.
2
Let l be (-12)/42 + (-94)/14. Let n = -5 - l. Suppose 3*m - 75 = -2*m + u, n*u = 0. Calculate the highest common factor of 30 and m.
15
Suppose -5*n + 60 = -90. Let j = 90 - n. Suppose 0 = 5*u + i - 201, -3*i = 3*u - 4*i - 119. Calculate the greatest common factor of u and j.
20
Let k be 12 + 28 + ((-40)/(-2))/5. Calculate the highest common factor of k and 319.
11
Let s(g) = 27*g - 1. Let m be s(1). Let l(d) be the first derivative of -12*d**2 + 34*d - 70. Let k be l(-4). What is the greatest common divisor of k and m?
26
Let v be 0/5 + -3 + 33. Calculate the highest common factor of v and 195.
15
Let l be (-1784)/(-11) - 14/77. Suppose 6*w - 20 = 2*w, -151 = -3*z - 5*w. Let h = -24 + z. What is the highest common divisor of h and l?
18
Let x be 0 + 15/9 + (-742)/(-21). What is the highest common factor of 259 and x?
37
Let n = 3 - -16. Let w = 1 + 1. Let j be w/5 - 1989/(-15). What is the greatest common factor of n and j?
19
Let k(w) = -3*w**3 + 11*w**2 - w - 14. Let r be k(-6). Calculate the greatest common divisor of 21 and r.
7
Suppose 11*i - 159 = 8*i. Suppose 0 = 2*z + r + 55, 2*z - 2*r + 0*r + 52 = 0. Let g = i + z. What is the greatest common divisor of g and 39?
13
Let u be (-5)/1*(11 + (-1833)/65). Calculate the greatest common factor of 1634 and u.
86
Suppose 3*t - 341 = 2*b + 945, 0 = -3*t - 3*b + 1296. Calculate the highest common factor of t and 10.
10
Suppose -2*t = -4 - 8. Suppose -85 = -11*h + t*h. What is the greatest common factor of 119 and h?
17
Let t be 75/6 + (-2)/4. Suppose -2*f - 5*q = -305, -5*q = f + 3*f - 605. Suppose -7*p + t*p = f. What is the greatest common divisor of 60 and p?
30
Let c(w) = -w**2 - 5*w + 2. Let m be c(-5). Suppose 0 = -p - m*f + 43, f - 3*f = 4*p - 148. Let d = 29 - 15. Calculate the greatest common divisor of d and p.
7
Let o(q) = -153*q - 23. Let u be o(-4). Calculate the highest common factor of u and 57.
19
Let g = 212 - 142. Suppose -l - 1 = -10. Let y be ((-2)/(-4))/(l/252). What is the greatest common divisor of g and y?
14
Let t(n) = 4*n**2 - 5*n - 34. Let r be t(14). Calculate the highest common factor of 85 and r.
85
Let p(l) = 28*l - 28. Let j be p(9). Calculate the highest common divisor of j and 28.
28
Let z be ((-1434)/(-12))/(50/(-52) - -1). What is the greatest common divisor of 13 and z?
13
Let c = 13518 + -13500. Let p be (-3 - 0)/((-1)/15). What is the greatest common divisor of c and p?
9
Let c be (-5 - -3)*(7 - 4) - -11. Let q be (-2)/4 - (-42)/4. Calculate the greatest common factor of c and q.
5
Let w be (-8)/(-68) + (-457)/(-17). Let r be (-2)/6*54/(-1). What is the greatest common factor of r and w?
9
Let r(k) = 6*k**2 + 80*k + 74. Let l be r(-13). What is the greatest common divisor of 540 and l?
12
Suppose 3*v + c = 440, 2*v + 4*c + 106 - 386 = 0. Calculate the highest common divisor of 185 and v.
37
Let k be 2 + (4 - (4 + 2)). Suppose 68 = 3*a + w - k*w, -5*a + 116 = 3*w. Let